Suppose 31 = v - 4*w, w = 2*v - q*w - 47. What are the prime factors of v?
11
Suppose -4*u - 9 = -3*q, -2*u + 6 = -0*q + 2*q. Suppose o - 2 - 15 = u. What are the prime factors of o?
17
Suppose -7*d + 2 = -9*d. Let z = d + 12. List the prime factors of z.
11
Let q = 19 - 11. List the prime factors of q.
2
Let f(t) be the second derivative of 2*t**3/3 + t**2/2 - 6*t. What are the prime factors of f(2)?
3
Let t(u) = -u**3 + 10*u**2 - 9*u + 8. Let z = 19 - 10. What are the prime factors of t(z)?
2
Let s = -5 - -7. Suppose f + 15 = 4*z, -5*f - s + 3 = -z. Suppose 2*n - 3*n + z = 0. List the prime factors of n.
2
Let f = -183 - -265. What are the prime factors of f?
2, 41
Let y(i) be the second derivative of i**3/6 - 2*i**2 + i. Let j be y(8). Suppose -j*q = -0*q - 40. What are the prime factors of q?
2, 5
Let u be 1 - (-4)/((-12)/(-9)). Let m = 15 + u. List the prime factors of m.
19
Let t be (-4 - -8)*(-1 - 1). Let d be 3/(-12) - 290/t. Let n = d + -20. List the prime factors of n.
2
Let b(g) = 3*g**3 + 24*g**2 - 15*g - 17. Let s(y) = y**3 + 8*y**2 - 5*y - 6. Let x(n) = -4*b(n) + 11*s(n). What are the prime factors of x(-9)?
2, 19
Let a be (-1)/2*(-14 - -4). Suppose -5*j + 40 = a. List the prime factors of j.
7
Let k be 15/(-10)*(-8)/(-6). List the prime factors of -4 - -1 - k - -35.
2, 17
Suppose 82 = 5*u - 2*b, 78 = 5*u - 7*b + 4*b. List the prime factors of u.
2, 3
Let k be -1 + -1 + 2 + 4. Suppose s + k = 33. List the prime factors of s.
29
Suppose -2*g = -0*g + 5*q - 4, 4*q + 8 = 4*g. Suppose -g*r + 0 + 2 = 0. Suppose r = -2*h + 9. What are the prime factors of h?
2
Let h = -2 + 2. Suppose -q - 4*w + 19 = h, -31 = 2*q - 6*q - w. Let s = q - 0. List the prime factors of s.
7
Let m = -32 + 87. Suppose t - y - y - m = 0, 5*t + 3*y - 288 = 0. List the prime factors of t.
3, 19
Let g(x) = x + 18. Let n = 2 - 10. What are the prime factors of g(n)?
2, 5
Let b be 2/3 + 93/9. Suppose b + 10 = 3*n. What are the prime factors of n?
7
Suppose -p = -4*s + 477 + 296, 4*p - 189 = -s. What are the prime factors of s?
193
What are the prime factors of (-5)/((-5)/3) + 62 + -4?
61
Suppose 2*d - 18 = 2*i, 0*i - i + 11 = 4*d. Let q(m) = -3*m - 1 + 4*m - 6*m + d*m. List the prime factors of q(-3).
2
Let v = 129 + 27. List the prime factors of v.
2, 3, 13
Let t = 0 + -3. List the prime factors of 5/15 + (-23)/t.
2
Let d = 110 + -62. List the prime factors of d.
2, 3
Suppose 0 = 2*p - 6, -1 = v - 0*p + 3*p. Suppose -3*f - 12 = -5*f. What are the prime factors of (-24)/v*20/f?
2
Suppose 4*h = 3*s - 0*s + 117, -h + 3*s = -36. What are the prime factors of h?
3
Let o = -1 - 0. Let u(d) = -7*d - 1. What are the prime factors of u(o)?
2, 3
Let x(k) be the second derivative of k**3/6 - 7*k**2/2 - 5*k. What are the prime factors of x(9)?
2
Let b be 4/(-8) - 3/(-2). Let d(o) = 6*o**2 - o. List the prime factors of d(b).
5
Suppose -4*w + 308 = 3*w. What are the prime factors of w?
2, 11
Let y = -27 + 22. Let d(i) = -7*i + 10. What are the prime factors of d(y)?
3, 5
Suppose 5*v + 2*b - 767 + 127 = 0, 4*v + 3*b = 505. What are the prime factors of v?
2, 5, 13
Let j = 479 + -326. What are the prime factors of j?
3, 17
Suppose 0 = 5*p - 10, 5*u + 2*p = 6*u - 100. What are the prime factors of u?
2, 13
Suppose 0 = -5*k + 595 - 15. List the prime factors of k.
2, 29
Let y be (-68)/(-3) + 10/(-15). Suppose -4*f - y = 78. What are the prime factors of (-118)/(-10) + (-5)/f?
2, 3
Let h(v) = 5*v - 4. What are the prime factors of h(10)?
2, 23
Suppose -284 - 388 = -3*t. Let r be t/36 + (-2)/9. Suppose 0 = x - r*x + 65. List the prime factors of x.
13
Let a(d) = d**2 + 10*d + 13. Let n be a(-9). Suppose -2*t = -4*g + 14, 4*t = -0*t - n. Let m = g + 0. List the prime factors of m.
3
Let o = -13 - -10. Let m = 5 - o. List the prime factors of m.
2
Suppose -3*b - 80 = -2*j, -4*j + 17 = -3*b - 149. Let u = -25 + j. What are the prime factors of u?
2, 3
Let r(h) = h**2 + 8*h - 7. Let c(b) = b**2 - 10*b + 7. Let s be c(8). List the prime factors of r(s).
2
Let m = 8 - -19. Let a be (-6)/m + 202/18. Suppose 0*t - 2*o = 4*t - 94, t = 2*o + a. What are the prime factors of t?
3, 7
Let h be (1 + 2)*(-40)/6. Let z = 33 + h. What are the prime factors of z?
13
List the prime factors of (5 - -1 - 3) + (-776)/(-2).
17, 23
Let q = -30 + 47. What are the prime factors of q?
17
Suppose -112 = -2*x + 3*m, 2*x + 2*x = -3*m + 260. What are the prime factors of x?
2, 31
Suppose -7*h + 3*h = -20. Suppose h*k - 4 = 21. List the prime factors of k.
5
Let d(v) = -v**2 - 30*v + 28. What are the prime factors of d(-25)?
3, 17
Suppose 0 = 3*p - n - 179, 4*n - 11 = 5. What are the prime factors of p?
61
List the prime factors of (-5)/10*-10*(-334)/(-5).
2, 167
Let m(y) = -y + 1. Let h(u) = 5*u - 6. Let o(z) = h(z) + 2*m(z). What are the prime factors of o(7)?
17
List the prime factors of (2/(-2) - 6)*(-45)/9.
5, 7
Let j be -6*6*(1 + -3). Suppose j = 5*i - 4*c + 2*c, -4*i - 5*c = -84. List the prime factors of i.
2
Let l(s) = 2*s**2 + 46*s + 8. List the prime factors of l(-23).
2
Let h = 8 + -20. List the prime factors of h/4 - 3*-3.
2, 3
Let z(r) = -r**2 + 9*r - 4. List the prime factors of z(8).
2
Suppose 4*x = -1 + 69. List the prime factors of x.
17
List the prime factors of (-8 - -4 - -2)/(-1).
2
List the prime factors of (8 + -6)*21/6.
7
Suppose 0 = -2*y - i + 3*i + 28, i = -3*y + 42. Suppose -y = -2*v + 8. What are the prime factors of v?
11
Let y(s) = 6*s. What are the prime factors of y(3)?
2, 3
Let f(g) = -2*g + 22. List the prime factors of f(9).
2
Suppose -4*o = -3*z + 68, z - 6*z + 65 = 3*o. Let l be (z - 1)*(-2)/(-6). Suppose 2*t - 10 = -a, -t = l*a + t - 66. List the prime factors of a.
2, 7
Let y be 14/4 - 8/(-16). Suppose -q = -y*x + 57, x - 16 = 3*q - q. Let j = x - 9. What are the prime factors of j?
5
Suppose -2*y + 3*y - 118 = -2*a, -404 = -3*y + 4*a. What are the prime factors of y?
2
Suppose -4*d - 4*c - 11 = -67, 5*d - 85 = -2*c. List the prime factors of d.
19
Let a(z) = 2*z**2 - z + 57. What are the prime factors of a(0)?
3, 19
Suppose g = -2*m + 130, 2*m + 0*m - 3*g - 122 = 0. List the prime factors of m.
2
Suppose -z + 15 = -11. Suppose 100 = 3*i - z. Suppose -3*k + i = -0*k. List the prime factors of k.
2, 7
Suppose 0 = -3*q + 6*q - 84. Suppose -4*k + 2*k = -8. Suppose q = 2*s + 5*g + k, 0 = s + 5*g - 12. What are the prime factors of s?
2, 3
Let o = 5 + -3. Suppose -u = -5 - o. What are the prime factors of (-8)/(-28) + 47/u?
7
What are the prime factors of 2196/21 + 4/(-7) + 1?
3, 5, 7
Let m(i) = 5*i + 1. Let v be m(2). Let n = -1 - v. Let b = n - -20. List the prime factors of b.
2
Suppose 0 = -i - 5*y + 15, 3*y - 19 = -2*i + 4. List the prime factors of i.
2, 5
Let q = 4 - 4. Suppose q = -a - 5 + 26. List the prime factors of a.
3, 7
Let f(k) = -k + 6. What are the prime factors of f(-14)?
2, 5
Let w = 55 - 103. Let z = w - -69. What are the prime factors of z?
3, 7
Let d(s) = s + 7. Let m be d(-8). Let k be (2 - 1)/m*-13. Let z = 8 + k. List the prime factors of z.
3, 7
Suppose 3*z - z - 8 = 3*u, -3*u = 0. List the prime factors of z.
2
Let z = -5 - -7. Suppose g = -z*g - 90. Let m = g - -48. What are the prime factors of m?
2, 3
Suppose -8*z = -13*z + 405. What are the prime factors of z?
3
Let h = -35 + 25. Let l(f) = f**3 + 10*f**2 - 3*f - 12. List the prime factors of l(h).
2, 3
Let k = -18 + 26. Suppose -w = 3*w - k. List the prime factors of w.
2
Suppose -4 - 2 = -s. Let v = -1 - -6. List the prime factors of 20/s*(v + -2).
2, 5
Let r be (6 + 2)/(1 - -1). Suppose 25 = r*i + i. Suppose j - 18 = -i. What are the prime factors of j?
13
Let o = -12 + 22. Suppose -4*u - 10 = -5*z + u, 0 = z - 4*u + o. List the prime factors of z.
2, 3
Suppose -2*n = d - 12 + 4, 3*n - 9 = 0. Let b be 0/(-1)*1/d. Suppose -3*i + 6 + 6 = b. List the prime factors of i.
2
Let s(q) = -q**2 + q + 3. Suppose -5*c = 1 - 16. Let w be s(c). Let p(u) = 2*u**2 + 3*u + 3. List the prime factors of p(w).
2, 3
Let q(s) = s**3 + 4*s**2 - 5*s - 3. Let j(m) = -m**2 + 3*m. Let z(h) = -h. Let l be z(-4). Let r be j(l). What are the prime factors of q(r)?
17
Let v = 40 + -31. What are the prime factors of v?
3
Let j be -2*(-2 + 0 - -1). What are the prime factors of j - (-4)/(2 + 0)?
2
Suppose 3 = 3*n + 4*b + 2,